{"id":6598,"date":"2025-03-31T15:45:56","date_gmt":"2025-03-31T15:45:56","guid":{"rendered":"https:\/\/miramar.tur.ar\/?page_id=6598"},"modified":"2025-04-09T12:13:46","modified_gmt":"2025-04-09T12:13:46","slug":"biam2025","status":"publish","type":"page","link":"https:\/\/miramar.tur.ar\/index.php\/biam2025\/","title":{"rendered":"biam2025"},"content":{"rendered":"<p>[et_pb_section fb_built=\u00bb1&#8243; _builder_version=\u00bb4.9.4&#8243; _module_preset=\u00bbdefault\u00bb background_color=\u00bb#ee8e7c\u00bb custom_padding=\u00bb16px|||||\u00bb][et_pb_row _builder_version=\u00bb4.9.4&#8243; _module_preset=\u00bbdefault\u00bb background_image=\u00bbhttps:\/\/miramar.tur.ar\/wp-content\/uploads\/2025\/03\/banner-bienal.jpg\u00bb custom_padding=\u00bb55px||30px|||\u00bb][et_pb_column type=\u00bb4_4&#8243; _builder_version=\u00bb4.9.4&#8243; _module_preset=\u00bbdefault\u00bb][\/et_pb_column][\/et_pb_row][\/et_pb_section][et_pb_section fb_built=\u00bb1&#8243; disabled_on=\u00bboff|off|on\u00bb _builder_version=\u00bb4.9.4&#8243; _module_preset=\u00bbdefault\u00bb background_enable_color=\u00bboff\u00bb custom_padding=\u00bb16px|||||\u00bb][et_pb_row _builder_version=\u00bb4.9.4&#8243; _module_preset=\u00bbdefault\u00bb background_enable_image=\u00bboff\u00bb custom_padding=\u00bb55px||30px|||\u00bb][et_pb_column type=\u00bb4_4&#8243; _builder_version=\u00bb4.9.4&#8243; _module_preset=\u00bbdefault\u00bb][et_pb_button button_url=\u00bbhttps:\/\/miramar.tur.ar\/wp-content\/uploads\/2025\/04\/bienal-carpeta-octubre-2025.pdf\u00bb button_text=\u00bbVer Catalogo\u00bb button_alignment=\u00bbcenter\u00bb _builder_version=\u00bb4.9.4&#8243; _module_preset=\u00bbdefault\u00bb custom_button=\u00bbon\u00bb button_text_color=\u00bb#E09900&#8243; button_font=\u00bbActor|700|||||||\u00bb button_icon_color=\u00bb#E09900&#8243;][\/et_pb_button][\/et_pb_column][\/et_pb_row][\/et_pb_section][et_pb_section fb_built=\u00bb1&#8243; disabled_on=\u00bbon|on|off\u00bb _builder_version=\u00bb4.9.4&#8243; _module_preset=\u00bbdefault\u00bb][et_pb_row _builder_version=\u00bb4.9.4&#8243; _module_preset=\u00bbdefault\u00bb custom_padding=\u00bb||3px|||\u00bb][et_pb_column type=\u00bb4_4&#8243; _builder_version=\u00bb4.9.4&#8243; _module_preset=\u00bbdefault\u00bb][et_pb_image src=\u00bbhttps:\/\/miramar.tur.ar\/wp-content\/uploads\/2025\/03\/biam-1-scaled.jpg\u00bb title_text=\u00bbbiam 1&#8243; _builder_version=\u00bb4.9.4&#8243; _module_preset=\u00bbdefault\u00bb][\/et_pb_image][\/et_pb_column][\/et_pb_row][\/et_pb_section][et_pb_section fb_built=\u00bb1&#8243; disabled_on=\u00bbon|on|off\u00bb _builder_version=\u00bb4.9.4&#8243; _module_preset=\u00bbdefault\u00bb][et_pb_row _builder_version=\u00bb4.9.4&#8243; _module_preset=\u00bbdefault\u00bb custom_padding=\u00bb3px|||||\u00bb][et_pb_column type=\u00bb4_4&#8243; _builder_version=\u00bb4.9.4&#8243; _module_preset=\u00bbdefault\u00bb][et_pb_image src=\u00bbhttps:\/\/miramar.tur.ar\/wp-content\/uploads\/2025\/03\/biam-2-scaled.jpg\u00bb title_text=\u00bbbiam 2&#8243; _builder_version=\u00bb4.9.4&#8243; _module_preset=\u00bbdefault\u00bb][\/et_pb_image][\/et_pb_column][\/et_pb_row][\/et_pb_section][et_pb_section fb_built=\u00bb1&#8243; disabled_on=\u00bbon|on|off\u00bb _builder_version=\u00bb4.9.4&#8243; _module_preset=\u00bbdefault\u00bb][et_pb_row _builder_version=\u00bb4.9.4&#8243; _module_preset=\u00bbdefault\u00bb custom_padding=\u00bb3px|||||\u00bb][et_pb_column type=\u00bb4_4&#8243; _builder_version=\u00bb4.9.4&#8243; _module_preset=\u00bbdefault\u00bb][et_pb_image src=\u00bbhttps:\/\/miramar.tur.ar\/wp-content\/uploads\/2025\/03\/biam-3-scaled.jpg\u00bb title_text=\u00bbbiam 3&#8243; _builder_version=\u00bb4.9.4&#8243; _module_preset=\u00bbdefault\u00bb][\/et_pb_image][\/et_pb_column][\/et_pb_row][\/et_pb_section][et_pb_section fb_built=\u00bb1&#8243; disabled_on=\u00bbon|on|off\u00bb _builder_version=\u00bb4.9.4&#8243; _module_preset=\u00bbdefault\u00bb][et_pb_row _builder_version=\u00bb4.9.4&#8243; _module_preset=\u00bbdefault\u00bb custom_padding=\u00bb3px|||||\u00bb][et_pb_column type=\u00bb4_4&#8243; _builder_version=\u00bb4.9.4&#8243; _module_preset=\u00bbdefault\u00bb][et_pb_image src=\u00bbhttps:\/\/miramar.tur.ar\/wp-content\/uploads\/2025\/03\/biam-4-scaled.jpg\u00bb title_text=\u00bbbiam 4&#8243; _builder_version=\u00bb4.9.4&#8243; _module_preset=\u00bbdefault\u00bb][\/et_pb_image][\/et_pb_column][\/et_pb_row][\/et_pb_section][et_pb_section fb_built=\u00bb1&#8243; disabled_on=\u00bbon|on|off\u00bb _builder_version=\u00bb4.9.4&#8243; _module_preset=\u00bbdefault\u00bb][et_pb_row _builder_version=\u00bb4.9.4&#8243; _module_preset=\u00bbdefault\u00bb custom_padding=\u00bb3px|||||\u00bb][et_pb_column type=\u00bb4_4&#8243; _builder_version=\u00bb4.9.4&#8243; _module_preset=\u00bbdefault\u00bb][et_pb_image src=\u00bbhttps:\/\/miramar.tur.ar\/wp-content\/uploads\/2025\/03\/biam-5-scaled.jpg\u00bb title_text=\u00bbbiam 5&#8243; _builder_version=\u00bb4.9.4&#8243; _module_preset=\u00bbdefault\u00bb][\/et_pb_image][\/et_pb_column][\/et_pb_row][\/et_pb_section][et_pb_section fb_built=\u00bb1&#8243; disabled_on=\u00bbon|on|off\u00bb _builder_version=\u00bb4.9.4&#8243; _module_preset=\u00bbdefault\u00bb][et_pb_row _builder_version=\u00bb4.9.4&#8243; _module_preset=\u00bbdefault\u00bb custom_padding=\u00bb3px|||||\u00bb][et_pb_column type=\u00bb4_4&#8243; _builder_version=\u00bb4.9.4&#8243; _module_preset=\u00bbdefault\u00bb][et_pb_image src=\u00bbhttps:\/\/miramar.tur.ar\/wp-content\/uploads\/2025\/03\/biam-6-scaled.jpg\u00bb title_text=\u00bbbiam 6&#8243; _builder_version=\u00bb4.9.4&#8243; _module_preset=\u00bbdefault\u00bb][\/et_pb_image][et_pb_image src=\u00bbhttps:\/\/miramar.tur.ar\/wp-content\/uploads\/2025\/03\/biam-7-scaled.jpg\u00bb title_text=\u00bbbiam 7&#8243; _builder_version=\u00bb4.9.4&#8243; _module_preset=\u00bbdefault\u00bb][\/et_pb_image][et_pb_image src=\u00bbhttps:\/\/miramar.tur.ar\/wp-content\/uploads\/2025\/03\/biam-8-scaled.jpg\u00bb title_text=\u00bbbiam 8&#8243; _builder_version=\u00bb4.9.4&#8243; _module_preset=\u00bbdefault\u00bb][\/et_pb_image][et_pb_image src=\u00bbhttps:\/\/miramar.tur.ar\/wp-content\/uploads\/2025\/04\/PAGINA-BIENAL3-scaled.jpg\u00bb title_text=\u00bbPAGINA BIENAL3&#8243; _builder_version=\u00bb4.9.4&#8243; _module_preset=\u00bbdefault\u00bb custom_padding=\u00bb||13px|||\u00bb][\/et_pb_image][et_pb_image src=\u00bbhttps:\/\/miramar.tur.ar\/wp-content\/uploads\/2025\/03\/biam-10-scaled.jpg\u00bb title_text=\u00bbbiam 10&#8243; _builder_version=\u00bb4.9.4&#8243; _module_preset=\u00bbdefault\u00bb][\/et_pb_image][et_pb_image src=\u00bbhttps:\/\/miramar.tur.ar\/wp-content\/uploads\/2025\/03\/biam-11-scaled.jpg\u00bb title_text=\u00bbbiam 11&#8243; _builder_version=\u00bb4.9.4&#8243; _module_preset=\u00bbdefault\u00bb][\/et_pb_image][et_pb_image src=\u00bbhttps:\/\/miramar.tur.ar\/wp-content\/uploads\/2025\/03\/biam-12-scaled.jpg\u00bb title_text=\u00bbbiam 12&#8243; _builder_version=\u00bb4.9.4&#8243; _module_preset=\u00bbdefault\u00bb][\/et_pb_image][et_pb_image src=\u00bbhttps:\/\/miramar.tur.ar\/wp-content\/uploads\/2025\/03\/biam-13-scaled.jpg\u00bb title_text=\u00bbbiam 13&#8243; _builder_version=\u00bb4.9.4&#8243; _module_preset=\u00bbdefault\u00bb][\/et_pb_image][et_pb_image src=\u00bbhttps:\/\/miramar.tur.ar\/wp-content\/uploads\/2025\/03\/biam-14-scaled.jpg\u00bb title_text=\u00bbbiam 14&#8243; _builder_version=\u00bb4.9.4&#8243; _module_preset=\u00bbdefault\u00bb][\/et_pb_image][et_pb_text _builder_version=\u00bb4.9.4&#8243; _module_preset=\u00bbdefault\u00bb hover_enabled=\u00bb0&#8243; sticky_enabled=\u00bb0&#8243;]<\/p>\n<h1><strong>PROGRAMA DE ACTIVIDADES BIAM 2025<\/strong><\/h1>\n<p>Viernes 4 de abril<\/p>\n<ul>\n<li>18:30 HS. Acreditaci\u00f3n de los Artistas y ayudantes invitados. Lugar: Centro Cultural Espa\u00f1ol, Av.<\/li>\n<\/ul>\n<p>26N\u00ba1351 Miramar.<\/p>\n<ul>\n<li>19 HS. Acto de Apertura BIAM 2025. PALABRAS DE AUTORIDAD Municipal. Presentaci\u00f3n de<\/li>\n<\/ul>\n<p>Artistas invitados. Lugar: Centro Cultural Espa\u00f1ol, Av. 26N\u00ba1351 Miramar.<\/p>\n<p>S\u00e1bado 5 de abril<\/p>\n<ul>\n<li>8 HS. Inicio de Actividades en predio de la Bienal. (Las actividades se extender\u00e1n hasta el d\u00eda 13 de<\/li>\n<\/ul>\n<p>abril, 18 horas).<\/p>\n<ul>\n<li>Intervenci\u00f3n Art\u00edstica de mobiliario urbano del paseo Costanero, con obras de mosaicos recibidas a trav\u00e9s de la convocatoria Nacional, Peque\u00f1o Formato.<\/li>\n<li>Intervenci\u00f3n de 5 columnas, ubicadas en la Estaci\u00f3n Terminal de \u00d3mnibus Miramar.<\/li>\n<li>Restauraci\u00f3n de la Escultura &amp;quot; ARBOL DE LA VIDA&amp;quot;, del Artista Maurizio Governatori. (Italia)<\/li>\n<\/ul>\n<p>S\u00e1bado 12 de abril<\/p>\n<ul>\n<li>19 HS. Acto de cierre. Lugar: Teatro Municipal, Abel Santa Cruz, Av. 9 N\u00ba 1250. Miramar<\/li>\n<\/ul>\n<p><strong><u>EVENTOS COLATERALES<\/u><\/strong><\/p>\n<p>S\u00e1bado 5 de Abril<\/p>\n<ul>\n<li>11 HS. Pintura in situ. Artistas: &#8211; Guillermo Roura &#8211; Justiniano Caminos &#8211; Claudia Uranga- Rosa Mar\u00eda<\/li>\n<\/ul>\n<p>Moscheni, Pancho Spinetto. Actividad que se extender\u00e1 toda la semana.<\/p>\n<ul>\n<li>19HS. Exposici\u00f3n de arte peque\u00f1o formato. Destac\u00e1ndose la presentaci\u00f3n de una obra de Raquel<\/li>\n<\/ul>\n<p>Forner del Museo Provincial de Bellas Artes, Emilio Petturuti. Lugar: Sala Vicente Asili, Mutual Cultural<\/p>\n<p>C\u00edrculo Italiano Joven Italia. Calle 24N\u00ba1214. (Del 5 al 11 de Abril).<\/p>\n<p>&nbsp;<\/p>\n<p>Domingo 6 de<\/p>\n<p>Abril \u25cf\u00a0\u00a09HS.\u00a0 Seminario de Mural<\/p>\n<p>escult\u00f3rico esgrafiado con aplicaciones de estucados de cemento directo. Profesora Licha Bernal.<\/p>\n<p>Lugar: Predio BIAM (cancha de tejo). 1 clase te\u00f3rica y 2 pr\u00e1cticas. Inscripci\u00f3n en la carpa. Intercambio:<\/p>\n<p>1 Kg de ferrite. (Herramientas a cargo de los alumnos). \u25cf 15 HS. Actuaci\u00f3n del grupo<\/p>\n<p>de percusi\u00f3n Guar\u00e1, espacio art\u00edstico y social. Lugar: Predio Bienal.<\/p>\n<ul>\n<li>19 HS. Inauguraci\u00f3n de Exposici\u00f3n de Arte, Peque\u00f1o formato, OBRAS EN GRABADO, Hall del<\/li>\n<\/ul>\n<p>Concejo Deliberante. Calle 28N\u00ba1084.<\/p>\n<p>Lunes 7 de abril<\/p>\n<ul>\n<li>10 HS.\u00a0Clase abierta de mosaico a cargo de la Escuela de Cer\u00e1mica, Rogelio Yrurtia. Se extender\u00e1<\/li>\n<\/ul>\n<p>toda la semana en diversos horarios. La obra ser\u00e1 donada a la escuela de Est\u00e9tica de Miramar.<\/p>\n<p>&nbsp;<\/p>\n<p>Martes 8 de<\/p>\n<p>Abril \u25cf\u00a0\u00a015:30HS.\u00a0Concierto de guitarra<\/p>\n<p>a cargo de Juan Cruz Mart\u00ednez Mesa. Lugar: Predio de Bienal, pr\u00f3ximo a la carpa.<\/p>\n<p>Mi\u00e9rcoles 9 de abril<\/p>\n<ul>\n<li>14HS. BIOGRAFI-KAH. Una Obra a trav\u00e9s de la danza que recorre cuatro momentos importantes en<\/li>\n<\/ul>\n<p>la vida de Frida kahlo. Escuela de danzas, Ritmos en Acci\u00f3n Miramar. (Idea y Coreograf\u00eda, Maria Paz<\/p>\n<p>Aulita). Lugar: Anfiteatro Jos\u00e9 Hern\u00e1ndez.<\/p>\n<p>Jueves 10 de abril<\/p>\n<ul>\n<li>15 HS. Grupo de Danza laboratorio espacio Hara Mov. \u00a0Con la actuaci\u00f3n de: T\u00e2hi Valdin, Anabella, Villafa\u00f1e y Nerea Canelo Velardo. Lugar: Predio Bienal<\/li>\n<\/ul>\n<p>S\u00e1bado 12 de abril<\/p>\n<ul>\n<li>15HS. BIOGRAFI-KAH. Una Obra a trav\u00e9s de la danza que recorre cuatro momentos importantes en<\/li>\n<\/ul>\n<p>la vida de Frida kahlo. Escuela de danzas, ritmo en Acci\u00f3n Miramar. (Idea y Coreograf\u00eda, Maria Paz<\/p>\n<p>Aulita). Lugar: Anfiteatro Jos\u00e9 Hern\u00e1ndez.<\/p>\n<p>Charlas tem\u00e1ticas<\/p>\n<p>(Del lunes 7 al jueves 10 de abril inclusive, las charlas se realizaran en Carpa del Predio Bienal)<\/p>\n<p>* LUNES 7<\/p>\n<ul>\n<li>18HS. Mar\u00eda Luz Mendez.(San Pedro)&amp;quot; Intervenci\u00f3n en el espacio p\u00fablico&amp;quot;.<\/li>\n<li>18.30HS Ricardo Stefani.(CABA) Alejandra Sisti.(Tigre)&amp;quot;Historia del Mosaico&amp;quot;.<\/li>\n<li>MARTES 8<\/li>\n<li>18HS. Mechi Garabano (CABA)&amp;quot;Arte urbano y dise\u00f1o gr\u00e1fico del boceto digital a la pared&amp;quot;.<\/li>\n<li>18.30HS. Tamara Froud (Inglaterra) &amp;quot;&amp;quot; Muchas Manos&amp;quot;&amp;quot;. Carrie Reichart (Inglaterra) &amp;quot;&amp;quot; El Hogar es<\/li>\n<\/ul>\n<p>Donde est\u00e1 el Arte&amp;quot;&amp;quot;.<\/p>\n<p>&nbsp;<\/p>\n<p>MI\u00c9RCOLES 9<\/p>\n<ul>\n<li>18 HS. Victoria Carboni (Mar del Plata) &amp;quot;Perderse en el detalle&amp;quot;.<\/li>\n<li>18.30HS: Martha Ortiz Sotres (M\u00e9xico) &amp;quot;El muralismo a trav\u00e9s del tiempo y el impacto de las mujeres<\/li>\n<\/ul>\n<p>en su historia&amp;quot;.<\/p>\n<p>&nbsp;<\/p>\n<p>JUEVES 10<\/p>\n<ul>\n<li>18HS. Pancho Spinetto. (CABA) &amp;quot;La Bienal de Miramar y algunos momentos inolvidables&amp;quot;<\/li>\n<li>18.30HS. Patricia Berdichevky (CABA). &amp;quot;Hagamos P\u00fablico el Arte P\u00fablico&amp;quot;.<\/li>\n<\/ul>\n<p>Viernes 11<\/p>\n<ul>\n<li>17:30 HS: Charla: Un Museo rodante. Colecciones e historias del Museo Provincial de Bellas Artes en<\/li>\n<\/ul>\n<p>el territorio. Disertante: Federico Rovituso. Integrante del Museo Provincial de Bellas Artes, Emilio<\/p>\n<p>Pettoruti. Lugar: Mutual Cultural Circulo Italiano, Joven Italia 2do. Piso. Calle 24N\u00ba1214.<\/p>\n<p>&nbsp;<\/p>\n<p><strong>ARTISTAS Y ESPACIOS A INTERVENIR<\/strong><\/p>\n<p>&nbsp;<\/p>\n<p>* ESCULTURA PREDIO DE LA BIENAL DE ARTE ESTEBAN SVAST.<\/p>\n<p>LAURA MARTIN (Saladillo. Bs AS)<\/p>\n<p>MAIA LUSARRETA<\/p>\n<p>(Saladillo, Bs As)<\/p>\n<p>&nbsp;<\/p>\n<p>* COLUMNAS DE LA TERMINAL.<\/p>\n<p>SE VAN WEERT (Holanda)<\/p>\n<ul>\n<li>TAMARA FROUD (Inglaterra)<\/li>\n<li>CARRIE REICHARDT (Inglaterra).<\/li>\n<\/ul>\n<p>* VICTORIA CARBONI (MDP)<\/p>\n<p>* MERCEDES GARABANO (CABA)<\/p>\n<p>* MARIA LUZ MENDEZ (San Pedro. Bs As)<\/p>\n<p>* ANA CHIPPARA (MDP)<\/p>\n<p>* IVAN TERYDA (Miramar- Mar del Plata<\/p>\n<p>* FRENTE Y LATERAL DEL MOBILIARIO URBANO PASEO COSTANERO.<\/p>\n<p>* MARTHA ORTIZ SOTRES (M\u00e9xico)<\/p>\n<p>* TALLER DE ESGRAFIADO<\/p>\n<p>* ELIZABETH (LICHA) BERNAL (CHACO)<\/p>\n<p>* RESTAURACION DEL \u00c1RBOL DE LA VIDA (Predio Bienal)<\/p>\n<p>* MABEL MEDINA (San Miguel, Bs As<\/p>\n<p>* RICARDO STEFANI<\/p>\n<p>[\/et_pb_text][\/et_pb_column][\/et_pb_row][\/et_pb_section]<\/p>\n","protected":false},"excerpt":{"rendered":"<p>[et_pb_section fb_built=\u00bb1&#8243; _builder_version=\u00bb4.9.4&#8243; _module_preset=\u00bbdefault\u00bb background_color=\u00bb#ee8e7c\u00bb custom_padding=\u00bb16px|||||\u00bb][et_pb_row _builder_version=\u00bb4.9.4&#8243; _module_preset=\u00bbdefault\u00bb background_image=\u00bbhttps:\/\/miramar.tur.ar\/wp-content\/uploads\/2025\/03\/banner-bienal.jpg\u00bb custom_padding=\u00bb55px||30px|||\u00bb][et_pb_column type=\u00bb4_4&#8243; _builder_version=\u00bb4.9.4&#8243; _module_preset=\u00bbdefault\u00bb][\/et_pb_column][\/et_pb_row][\/et_pb_section][et_pb_section fb_built=\u00bb1&#8243; disabled_on=\u00bboff|off|on\u00bb _builder_version=\u00bb4.9.4&#8243; _module_preset=\u00bbdefault\u00bb background_enable_color=\u00bboff\u00bb custom_padding=\u00bb16px|||||\u00bb][et_pb_row _builder_version=\u00bb4.9.4&#8243; _module_preset=\u00bbdefault\u00bb background_enable_image=\u00bboff\u00bb custom_padding=\u00bb55px||30px|||\u00bb][et_pb_column type=\u00bb4_4&#8243; _builder_version=\u00bb4.9.4&#8243; _module_preset=\u00bbdefault\u00bb][et_pb_button button_url=\u00bbhttps:\/\/miramar.tur.ar\/wp-content\/uploads\/2025\/04\/bienal-carpeta-octubre-2025.pdf\u00bb button_text=\u00bbVer Catalogo\u00bb button_alignment=\u00bbcenter\u00bb _builder_version=\u00bb4.9.4&#8243; _module_preset=\u00bbdefault\u00bb custom_button=\u00bbon\u00bb button_text_color=\u00bb#E09900&#8243; button_font=\u00bbActor|700|||||||\u00bb button_icon_color=\u00bb#E09900&#8243;][\/et_pb_button][\/et_pb_column][\/et_pb_row][\/et_pb_section][et_pb_section fb_built=\u00bb1&#8243; disabled_on=\u00bbon|on|off\u00bb _builder_version=\u00bb4.9.4&#8243; _module_preset=\u00bbdefault\u00bb][et_pb_row _builder_version=\u00bb4.9.4&#8243; _module_preset=\u00bbdefault\u00bb custom_padding=\u00bb||3px|||\u00bb][et_pb_column type=\u00bb4_4&#8243; _builder_version=\u00bb4.9.4&#8243; _module_preset=\u00bbdefault\u00bb][et_pb_image src=\u00bbhttps:\/\/miramar.tur.ar\/wp-content\/uploads\/2025\/03\/biam-1-scaled.jpg\u00bb title_text=\u00bbbiam 1&#8243; _builder_version=\u00bb4.9.4&#8243; _module_preset=\u00bbdefault\u00bb][\/et_pb_image][\/et_pb_column][\/et_pb_row][\/et_pb_section][et_pb_section fb_built=\u00bb1&#8243; disabled_on=\u00bbon|on|off\u00bb _builder_version=\u00bb4.9.4&#8243; _module_preset=\u00bbdefault\u00bb][et_pb_row [&hellip;]<\/p>\n","protected":false},"author":2,"featured_media":0,"parent":0,"menu_order":0,"comment_status":"closed","ping_status":"closed","template":"","meta":{"_et_pb_use_builder":"on","_et_pb_old_content":"","_et_gb_content_width":"","footnotes":""},"class_list":["post-6598","page","type-page","status-publish","hentry"],"_links":{"self":[{"href":"https:\/\/miramar.tur.ar\/index.php\/wp-json\/wp\/v2\/pages\/6598","targetHints":{"allow":["GET"]}}],"collection":[{"href":"https:\/\/miramar.tur.ar\/index.php\/wp-json\/wp\/v2\/pages"}],"about":[{"href":"https:\/\/miramar.tur.ar\/index.php\/wp-json\/wp\/v2\/types\/page"}],"author":[{"embeddable":true,"href":"https:\/\/miramar.tur.ar\/index.php\/wp-json\/wp\/v2\/users\/2"}],"replies":[{"embeddable":true,"href":"https:\/\/miramar.tur.ar\/index.php\/wp-json\/wp\/v2\/comments?post=6598"}],"version-history":[{"count":15,"href":"https:\/\/miramar.tur.ar\/index.php\/wp-json\/wp\/v2\/pages\/6598\/revisions"}],"predecessor-version":[{"id":6685,"href":"https:\/\/miramar.tur.ar\/index.php\/wp-json\/wp\/v2\/pages\/6598\/revisions\/6685"}],"wp:attachment":[{"href":"https:\/\/miramar.tur.ar\/index.php\/wp-json\/wp\/v2\/media?parent=6598"}],"curies":[{"name":"wp","href":"https:\/\/api.w.org\/{rel}","templated":true}]}}