{"id":586,"date":"2021-06-10T01:05:53","date_gmt":"2021-06-10T01:05:53","guid":{"rendered":"https:\/\/miramar.tur.ar\/?page_id=586"},"modified":"2022-08-03T14:00:03","modified_gmt":"2022-08-03T14:00:03","slug":"otamendi","status":"publish","type":"page","link":"https:\/\/miramar.tur.ar\/index.php\/otamendi\/","title":{"rendered":"otamendi"},"content":{"rendered":"<p>[et_pb_section fb_built=\u00bb1&#8243; fullwidth=\u00bbon\u00bb _builder_version=\u00bb3.22&#8243; animation_style=\u00bbslide\u00bb animation_direction=\u00bbtop\u00bb animation_intensity_slide=\u00bb2%\u00bb animation_starting_opacity=\u00bb100%\u00bb][et_pb_fullwidth_header title=\u00bbOtamendi\u00bb content_max_width=\u00bb800px\u00bb _builder_version=\u00bb4.9.4&#8243; title_level=\u00bbh2&#8243; title_font=\u00bbAsap Condensed||||||||\u00bb title_font_size=\u00bb60px\u00bb title_line_height=\u00bb1.2em\u00bb content_font=\u00bb||||||||\u00bb content_font_size=\u00bb20px\u00bb content_line_height=\u00bb1.8em\u00bb background_color=\u00bbrgba(255, 255, 255, 0)\u00bb use_background_color_gradient=\u00bbon\u00bb background_color_gradient_start=\u00bbrgba(0,0,0,0.75)\u00bb background_color_gradient_end=\u00bbrgba(0,0,0,0)\u00bb background_color_gradient_direction=\u00bb90deg\u00bb background_color_gradient_overlays_image=\u00bbon\u00bb background_image=\u00bbhttps:\/\/miramar.tur.ar\/wp-content\/uploads\/2021\/06\/OTAMENDI-Cosecha-de-Papas-scaled.jpg\u00bb custom_button_one=\u00bbon\u00bb button_one_text_size=\u00bb18px\u00bb button_one_bg_color=\u00bb#02d002&#8243; button_one_border_width=\u00bb8px\u00bb button_one_border_color=\u00bb#02d002&#8243; button_one_border_radius=\u00bb0px\u00bb button_one_letter_spacing=\u00bb1px\u00bb button_one_font=\u00bbLato|700|||||||\u00bb button_one_use_icon=\u00bboff\u00bb custom_button_two=\u00bbon\u00bb button_two_text_size=\u00bb18px\u00bb button_two_text_color=\u00bb#353740&#8243; button_two_bg_color=\u00bb#ffffff\u00bb button_two_border_width=\u00bb8px\u00bb button_two_border_color=\u00bb#ffffff\u00bb button_two_border_radius=\u00bb0px\u00bb button_two_letter_spacing=\u00bb1px\u00bb button_two_font=\u00bbLato|700|||||||\u00bb button_two_use_icon=\u00bboff\u00bb custom_margin=\u00bb|||\u00bb custom_padding=\u00bb8%||8%|\u00bb button_one_letter_spacing_hover=\u00bb1px\u00bb button_two_letter_spacing_hover=\u00bb1px\u00bb locked=\u00bboff\u00bb button_one_text_size__hover_enabled=\u00bboff\u00bb button_two_text_size__hover_enabled=\u00bboff\u00bb button_one_text_color__hover_enabled=\u00bboff\u00bb button_two_text_color__hover_enabled=\u00bboff\u00bb button_one_border_width__hover_enabled=\u00bboff\u00bb button_two_border_width__hover_enabled=\u00bboff\u00bb button_one_border_color__hover_enabled=\u00bboff\u00bb button_two_border_color__hover_enabled=\u00bboff\u00bb button_one_border_radius__hover_enabled=\u00bboff\u00bb button_two_border_radius__hover_enabled=\u00bboff\u00bb button_one_letter_spacing__hover_enabled=\u00bbon\u00bb button_one_letter_spacing__hover=\u00bb1px\u00bb button_two_letter_spacing__hover_enabled=\u00bbon\u00bb button_two_letter_spacing__hover=\u00bb1px\u00bb button_one_bg_color__hover_enabled=\u00bboff\u00bb button_two_bg_color__hover_enabled=\u00bboff\u00bb][\/et_pb_fullwidth_header][\/et_pb_section][et_pb_section fb_built=\u00bb1&#8243; admin_label=\u00bbOur Farmers Section\u00bb _builder_version=\u00bb3.22&#8243; custom_padding=\u00bb100px||0px|||\u00bb][et_pb_row admin_label=\u00bbOur Farmers Area\u00bb _builder_version=\u00bb4.9.4&#8243; custom_padding=\u00bb||0px|||\u00bb][et_pb_column type=\u00bb4_4&#8243; _builder_version=\u00bb4.9.4&#8243; custom_padding=\u00bb|||\u00bb custom_padding__hover=\u00bb|||\u00bb][et_pb_text _builder_version=\u00bb4.9.4&#8243; _module_preset=\u00bbdefault\u00bb text_font=\u00bbAsap Condensed||||||||\u00bb custom_margin=\u00bb||-19px|||\u00bb custom_padding=\u00bb||0px|||\u00bb]<\/p>\n<p><span style=\"font-size: x-large;\"><strong>COMANDANTE NICANOR OTAMENDI<\/strong><\/span><\/p>\n<p>&nbsp;<\/p>\n<p>&nbsp;<\/p>\n<p>[\/et_pb_text][et_pb_divider _builder_version=\u00bb4.9.4&#8243; _module_preset=\u00bbdefault\u00bb custom_margin=\u00bb10px||10px|||\u00bb][\/et_pb_divider][et_pb_text _builder_version=\u00bb4.9.4&#8243; _module_preset=\u00bbdefault\u00bb custom_margin=\u00bb||3px|||\u00bb custom_padding=\u00bb||1px|||\u00bb hover_enabled=\u00bb0&#8243; sticky_enabled=\u00bb0&#8243;]<\/p>\n<p><strong>Actividad Principal:<\/strong> Agr\u00edcola &#8211; Ganadera<\/p>\n<p>&nbsp;<\/p>\n<p>&nbsp;<\/p>\n<p>[\/et_pb_text][\/et_pb_column][\/et_pb_row][et_pb_row column_structure=\u00bb3_5,2_5&#8243; admin_label=\u00bbOur Farmers Area\u00bb _builder_version=\u00bb3.25&#8243;][et_pb_column type=\u00bb3_5&#8243; _builder_version=\u00bb3.25&#8243; custom_padding=\u00bb|||\u00bb custom_padding__hover=\u00bb|||\u00bb][et_pb_text _builder_version=\u00bb4.9.4&#8243; _module_preset=\u00bbdefault\u00bb custom_margin=\u00bb||3px|||\u00bb custom_padding=\u00bb||7px|||\u00bb]<\/p>\n<p style=\"text-align: justify;\">La historia de esta poblaci\u00f3n rural se remonta a principios del 1900, cuando Balbina Josefina Otamendi de Inurrigarro don\u00f3 el predio para la instalaci\u00f3n de una estaci\u00f3n de ferrocarril, la cual lleva el nombre de \u201cDionisia\u201d, en memoria de su madre.<br \/>Esa construcci\u00f3n se convirti\u00f3 en un foco de producci\u00f3n y progreso, llegando hasta aqu\u00ed el antiguo Ferrocarril del Sur, por lo que posteriormente fueron entregados los planos para la creaci\u00f3n de un futuro pueblo.<br \/>Tras varios estudios y gestiones naci\u00f3 el nombre de Comandante Nicanor Otamendi, t\u00edo abuelo de la mencionada mujer que luch\u00f3 contra los indios, enfrent\u00e1ndose al famoso cacique \u201cYanquetruz\u201d y falleciendo durante una de estas batallas.<br \/>Fue as\u00ed que un 29 de mayo de 1911, el entonces gobernador de la provincia, Jos\u00e9 Inocencio Far\u00edas, firm\u00f3 el decreto de fundaci\u00f3n del pueblo, oficializ\u00e1ndose el nombre, aunque a\u00f1os despu\u00e9s fue catalogada ya como ciudad.<br \/>Caracterizada hist\u00f3ricamente por su actividad agropecuaria, Otamendi est\u00e1 rodeada de extensos y verdes campos ideales para la producci\u00f3n de diversos cultivos, especialmente la papa, donde muchas personas generan ingresos a trav\u00e9s de su producci\u00f3n por la importante cantidad de industrias existentes que a su vez transforman esta regi\u00f3n en una<br \/>de las principales del pa\u00eds.<br \/>M\u00e1s all\u00e1 de una importante cantidad de caminos rurales que derivan en esa localidad, el acceso principal al sector urbano es aquel que corta con la ruta provincial 88. Desde ese punto, son unos 4 km a recorrer en un trayecto sinuoso en el que la llanura se entremezcla con el horizonte y a poca distancia se divisa un lago artificial rodeado de galpones, tinglados y diversas construcciones de empresas locales y for\u00e1neas ligadas a la actividad papera y todos sus derivados.<\/p>\n<p>[\/et_pb_text][\/et_pb_column][et_pb_column type=\u00bb2_5&#8243; _builder_version=\u00bb3.25&#8243; custom_padding=\u00bb|||\u00bb custom_padding__hover=\u00bb|||\u00bb][et_pb_image src=\u00bbhttps:\/\/miramar.tur.ar\/wp-content\/uploads\/2021\/06\/OTAMENDI-Cosecha-de-Papas-scaled.jpg\u00bb title_text=\u00bbOTAMENDI &#8211; Cosecha de Papas\u00bb _builder_version=\u00bb4.9.4&#8243; _module_preset=\u00bbdefault\u00bb][\/et_pb_image][\/et_pb_column][\/et_pb_row][\/et_pb_section][et_pb_section fb_built=\u00bb1&#8243; _builder_version=\u00bb4.9.4&#8243; _module_preset=\u00bbdefault\u00bb][et_pb_row _builder_version=\u00bb4.9.4&#8243; _module_preset=\u00bbdefault\u00bb][et_pb_column type=\u00bb4_4&#8243; _builder_version=\u00bb4.9.4&#8243; _module_preset=\u00bbdefault\u00bb][et_pb_gallery gallery_ids=\u00bb623,624,625,626,627,628,629,630&#8243; gallery_orderby=\u00bbrand\u00bb posts_number=\u00bb8&#8243; orientation=\u00bbportrait\u00bb show_title_and_caption=\u00bboff\u00bb show_pagination=\u00bboff\u00bb zoom_icon_color=\u00bb#FFFFFF\u00bb hover_overlay_color=\u00bbRGBA(0,148,170,0.43)\u00bb hover_icon=\u00bb%%363%%\u00bb _builder_version=\u00bb4.9.4&#8243; _module_preset=\u00bbdefault\u00bb custom_margin=\u00bb-38px|1px||14px|false|false\u00bb custom_padding=\u00bb0px||||false|false\u00bb][\/et_pb_gallery][\/et_pb_column][\/et_pb_row][et_pb_row _builder_version=\u00bb4.9.4&#8243; _module_preset=\u00bbdefault\u00bb custom_padding=\u00bb56px|||||\u00bb][et_pb_column type=\u00bb4_4&#8243; _builder_version=\u00bb4.9.4&#8243; _module_preset=\u00bbdefault\u00bb][et_pb_text _builder_version=\u00bb4.9.4&#8243; _module_preset=\u00bbdefault\u00bb inline_fonts=\u00bbAsap Condensed\u00bb]<\/p>\n<h1><span style=\"font-family: 'Asap Condensed';\"><strong>Dentro de los atractivos que se pueden visitar en la localidad encontramos:<\/strong><\/span><\/h1>\n<p>[\/et_pb_text][\/et_pb_column][\/et_pb_row][et_pb_row column_structure=\u00bb1_2,1_2&#8243; _builder_version=\u00bb4.9.4&#8243; _module_preset=\u00bbdefault\u00bb][et_pb_column type=\u00bb1_2&#8243; _builder_version=\u00bb4.9.4&#8243; _module_preset=\u00bbdefault\u00bb][et_pb_text _builder_version=\u00bb4.9.4&#8243; _module_preset=\u00bbdefault\u00bb inline_fonts=\u00bbAsap Condensed\u00bb]<\/p>\n<p style=\"text-align: justify;\"><span style=\"font-family: 'Asap Condensed'; font-weight: normal; font-size: large;\"><strong>Iglesia Santa Teresita del Ni\u00f1o Jes\u00fas Otamendi<br \/><\/strong><\/span><br \/>Fue inaugurada el 23 de diciembre de 1934 y est\u00e1 situada en la hist\u00f3rica esquina frente a la Plaza Belgrano.<\/p>\n<p style=\"text-align: justify;\"><span style=\"font-family: 'Asap Condensed'; font-weight: normal; font-size: large;\"><strong>Bienal de Arte Otamendi 2019: \u201cV\u00edas de Encuentro\u201d<br \/><\/strong><\/span><br \/>Dicho evento se desarroll\u00f3 durante los d\u00edas 15 al 20 de julio de 2019, en el cual se intervinieron las paredes de chapa del Galp\u00f3n del Predio del Ferrocarril, con una medida de aproximadamente 72 metros por 5 metros de alto en una cara de los laterales. Se convoc\u00f3 a un grupo de 8 artistas de diversas ciudades del pa\u00eds y de Latinoam\u00e9rica aportando cada uno su identidad, creatividad e impronta en la construcci\u00f3n de una imagen integral de lectura unificada. Asimismo, se embellecieron tres bancos con la t\u00e9cnica de mosaiquismo para la revalorizaci\u00f3n de un espacio p\u00fablico hist\u00f3rico.<\/p>\n<p>[\/et_pb_text][\/et_pb_column][et_pb_column type=\u00bb1_2&#8243; _builder_version=\u00bb4.9.4&#8243; _module_preset=\u00bbdefault\u00bb][et_pb_text _builder_version=\u00bb4.9.4&#8243; _module_preset=\u00bbdefault\u00bb inline_fonts=\u00bbAsap Condensed\u00bb]<\/p>\n<p><span style=\"font-family: 'Asap Condensed'; font-weight: normal; font-size: large;\"><strong>Centro Cultural y Museo de la Vida Rural de General Alvarado<br \/><\/strong><\/span><br \/>All\u00ed se exhibe la vida en campo y la calidez de su gente, permitiendo al visitante, disfrutar de la naturaleza y aprender la historia y cultura de la zona.<br \/>Fue creado en el a\u00f1o 2002, por un grupo de j\u00f3venes, que se uni\u00f3 para trabajar en la protecci\u00f3n y difusi\u00f3n del patrimonio cultural del pueblo y de la zona rural del partido de General Alvarado.<br \/>El \u201cMuseo de la Vida Rural de General Alvarado\u201d Fue inaugurado el 13 de agosto de 2005 y luego de pasar por varios espacios temporales, en el a\u00f1o 2015, se instal\u00f3 definitivamente en el Centro Cultural Dima Sp\u00f3sito de Parodi.<br \/>En el antiguo edificio, funcionaba el \u201cViejo Hotel Sarmiento\u201d, una de las primeras construcciones de la localidad (1911), fue restaurado por el municipio y actualmente en el espacio conviven el museo y el Centro Cultural, que da lugar a diversas manifestaciones art\u00edsticas.<\/p>\n<p>[\/et_pb_text][\/et_pb_column][\/et_pb_row][\/et_pb_section]<\/p>\n","protected":false},"excerpt":{"rendered":"<p>[et_pb_section fb_built=\u00bb1&#8243; fullwidth=\u00bbon\u00bb _builder_version=\u00bb3.22&#8243; animation_style=\u00bbslide\u00bb animation_direction=\u00bbtop\u00bb animation_intensity_slide=\u00bb2%\u00bb animation_starting_opacity=\u00bb100%\u00bb][et_pb_fullwidth_header title=\u00bbOtamendi\u00bb content_max_width=\u00bb800px\u00bb _builder_version=\u00bb4.9.4&#8243; title_level=\u00bbh2&#8243; title_font=\u00bbAsap Condensed||||||||\u00bb title_font_size=\u00bb60px\u00bb title_line_height=\u00bb1.2em\u00bb content_font=\u00bb||||||||\u00bb content_font_size=\u00bb20px\u00bb content_line_height=\u00bb1.8em\u00bb background_color=\u00bbrgba(255, 255, 255, 0)\u00bb use_background_color_gradient=\u00bbon\u00bb background_color_gradient_start=\u00bbrgba(0,0,0,0.75)\u00bb background_color_gradient_end=\u00bbrgba(0,0,0,0)\u00bb background_color_gradient_direction=\u00bb90deg\u00bb background_color_gradient_overlays_image=\u00bbon\u00bb background_image=\u00bbhttps:\/\/miramar.tur.ar\/wp-content\/uploads\/2021\/06\/OTAMENDI-Cosecha-de-Papas-scaled.jpg\u00bb custom_button_one=\u00bbon\u00bb button_one_text_size=\u00bb18px\u00bb button_one_bg_color=\u00bb#02d002&#8243; button_one_border_width=\u00bb8px\u00bb button_one_border_color=\u00bb#02d002&#8243; button_one_border_radius=\u00bb0px\u00bb button_one_letter_spacing=\u00bb1px\u00bb button_one_font=\u00bbLato|700|||||||\u00bb button_one_use_icon=\u00bboff\u00bb custom_button_two=\u00bbon\u00bb button_two_text_size=\u00bb18px\u00bb button_two_text_color=\u00bb#353740&#8243; button_two_bg_color=\u00bb#ffffff\u00bb button_two_border_width=\u00bb8px\u00bb button_two_border_color=\u00bb#ffffff\u00bb button_two_border_radius=\u00bb0px\u00bb button_two_letter_spacing=\u00bb1px\u00bb button_two_font=\u00bbLato|700|||||||\u00bb button_two_use_icon=\u00bboff\u00bb custom_margin=\u00bb|||\u00bb custom_padding=\u00bb8%||8%|\u00bb button_one_letter_spacing_hover=\u00bb1px\u00bb button_two_letter_spacing_hover=\u00bb1px\u00bb locked=\u00bboff\u00bb button_one_text_size__hover_enabled=\u00bboff\u00bb button_two_text_size__hover_enabled=\u00bboff\u00bb [&hellip;]<\/p>\n","protected":false},"author":2,"featured_media":0,"parent":0,"menu_order":0,"comment_status":"closed","ping_status":"closed","template":"","meta":{"_et_pb_use_builder":"on","_et_pb_old_content":"","_et_gb_content_width":"","footnotes":""},"class_list":["post-586","page","type-page","status-publish","hentry"],"_links":{"self":[{"href":"https:\/\/miramar.tur.ar\/index.php\/wp-json\/wp\/v2\/pages\/586","targetHints":{"allow":["GET"]}}],"collection":[{"href":"https:\/\/miramar.tur.ar\/index.php\/wp-json\/wp\/v2\/pages"}],"about":[{"href":"https:\/\/miramar.tur.ar\/index.php\/wp-json\/wp\/v2\/types\/page"}],"author":[{"embeddable":true,"href":"https:\/\/miramar.tur.ar\/index.php\/wp-json\/wp\/v2\/users\/2"}],"replies":[{"embeddable":true,"href":"https:\/\/miramar.tur.ar\/index.php\/wp-json\/wp\/v2\/comments?post=586"}],"version-history":[{"count":15,"href":"https:\/\/miramar.tur.ar\/index.php\/wp-json\/wp\/v2\/pages\/586\/revisions"}],"predecessor-version":[{"id":1600,"href":"https:\/\/miramar.tur.ar\/index.php\/wp-json\/wp\/v2\/pages\/586\/revisions\/1600"}],"wp:attachment":[{"href":"https:\/\/miramar.tur.ar\/index.php\/wp-json\/wp\/v2\/media?parent=586"}],"curies":[{"name":"wp","href":"https:\/\/api.w.org\/{rel}","templated":true}]}}